{"id":104,"date":"2025-09-04T09:20:02","date_gmt":"2025-09-04T09:20:02","guid":{"rendered":"https:\/\/example.com\/?page_id=104"},"modified":"2025-09-06T08:15:34","modified_gmt":"2025-09-06T08:15:34","slug":"espacios","status":"publish","type":"page","link":"https:\/\/centrocsalhaurin.es\/?page_id=104","title":{"rendered":"Espacios"},"content":{"rendered":"\n<h2 class=\"wp-block-heading has-text-color has-link-color has-large-font-size wp-elements-0d15936c006afc09cd6165df76e21771\" style=\"color:#738276\">Espacios para profesionales<\/h2>\n\n\n\n<div id=\"section-g-eyog10e\" class=\"wp-block-gutentor-e0 section-g-eyog10e gutentor-element gutentor-element-advanced-text text-align-center-desktop\"><div class=\"gutentor-text-wrap\"><div class=\"gutentor-text\">Alquiler por <strong>horas<\/strong>, <strong>medios turnos<\/strong> o <strong>turnos completos<\/strong>. Acceso a dos salas con camilla y una sala polivalente de 30 m\u00b2.<br> Limpieza y climatizaci\u00f3n incluidas.<br> Posibilidad de aparecer en la web del centro.<br> Colaboraci\u00f3n y derivaciones internas cuando sea \u00fatil.<br><strong>Precios de alquiler: consultar.<\/strong><\/div><\/div><\/div>\n\n\n\n<div class=\"wp-block-buttons is-layout-flex wp-block-buttons-is-layout-flex\">\n<div class=\"wp-block-button\"><a class=\"wp-block-button__link has-background wp-element-button\" href=\"https:\/\/wa.me\/34605439813?text=Hola,%20me%20interesan%20los%20espacios%20de%20su%20centro,%20%C2%BFpodr%C3%ADa%20informarme?\" style=\"background-color:#738276\">Solicitar disponibilidad<\/a><\/div>\n<\/div>\n\n\n\n<p id=\"https:\/\/wa.me\/34605439813?text=Hola,%20me%20interesan%20los%20espacios%20de%20su%20centro,%20%C2%BFpodr%C3%ADa%20informarme?\"><\/p>\n\n\n\n<p><\/p>\n","protected":false},"excerpt":{"rendered":"<p>Espacios para profesionales<\/p>\n","protected":false},"author":1,"featured_media":0,"parent":0,"menu_order":0,"comment_status":"closed","ping_status":"closed","template":"","meta":{"footnotes":""},"class_list":["post-104","page","type-page","status-publish","hentry"],"_links":{"self":[{"href":"https:\/\/centrocsalhaurin.es\/index.php?rest_route=\/wp\/v2\/pages\/104","targetHints":{"allow":["GET"]}}],"collection":[{"href":"https:\/\/centrocsalhaurin.es\/index.php?rest_route=\/wp\/v2\/pages"}],"about":[{"href":"https:\/\/centrocsalhaurin.es\/index.php?rest_route=\/wp\/v2\/types\/page"}],"author":[{"embeddable":true,"href":"https:\/\/centrocsalhaurin.es\/index.php?rest_route=\/wp\/v2\/users\/1"}],"replies":[{"embeddable":true,"href":"https:\/\/centrocsalhaurin.es\/index.php?rest_route=%2Fwp%2Fv2%2Fcomments&post=104"}],"version-history":[{"count":5,"href":"https:\/\/centrocsalhaurin.es\/index.php?rest_route=\/wp\/v2\/pages\/104\/revisions"}],"predecessor-version":[{"id":232,"href":"https:\/\/centrocsalhaurin.es\/index.php?rest_route=\/wp\/v2\/pages\/104\/revisions\/232"}],"wp:attachment":[{"href":"https:\/\/centrocsalhaurin.es\/index.php?rest_route=%2Fwp%2Fv2%2Fmedia&parent=104"}],"curies":[{"name":"wp","href":"https:\/\/api.w.org\/{rel}","templated":true}]}}