{"id":106,"date":"2025-09-04T09:20:02","date_gmt":"2025-09-04T09:20:02","guid":{"rendered":"https:\/\/example.com\/?page_id=106"},"modified":"2025-09-05T15:53:00","modified_gmt":"2025-09-05T15:53:00","slug":"contacto","status":"publish","type":"page","link":"https:\/\/centrocsalhaurin.es\/?page_id=106","title":{"rendered":"Contacto"},"content":{"rendered":"\n<p><\/p>\n\n\n\n<h2 class=\"wp-block-heading has-text-color has-link-color wp-elements-129e4b26e5f6125626170f01b09fa508\" style=\"color:#738276\">Contacto<\/h2>\n\n\n\n<div id=\"section-g-s1bbbnb\" class=\"wp-block-gutentor-e0 section-g-s1bbbnb gutentor-element gutentor-element-advanced-text\"><div class=\"gutentor-text-wrap\"><p class=\"gutentor-text\">&#8211;<strong>Ciudad:<\/strong> Alhaur\u00edn de la Torre (M\u00e1laga)<br>&#8211;<strong>Direcci\u00f3n:<\/strong> Pasaje Alcalde Pedro Moreno 5, local<br>&#8211;<strong>Tel\u00e9fono\/WhatsApp:<\/strong> 605 439 813<br>&#8211;<strong>Email:<\/strong> centrocsalhaurin@gmail.com<\/p><\/div><\/div>\n\n\n\n<div class=\"wp-block-buttons is-layout-flex wp-block-buttons-is-layout-flex\">\n<div class=\"wp-block-button\"><a class=\"wp-block-button__link has-background wp-element-button\" style=\"background-color:#738276\" rel=\"https:\/\/ifisia.online\/naturopatialatorre\">Reserva tu cita<\/a><\/div>\n<\/div>\n\n\n\n<p><\/p>\n","protected":false},"excerpt":{"rendered":"<p>Contacto<\/p>\n","protected":false},"author":1,"featured_media":0,"parent":0,"menu_order":0,"comment_status":"closed","ping_status":"closed","template":"","meta":{"footnotes":""},"class_list":["post-106","page","type-page","status-publish","hentry"],"_links":{"self":[{"href":"https:\/\/centrocsalhaurin.es\/index.php?rest_route=\/wp\/v2\/pages\/106","targetHints":{"allow":["GET"]}}],"collection":[{"href":"https:\/\/centrocsalhaurin.es\/index.php?rest_route=\/wp\/v2\/pages"}],"about":[{"href":"https:\/\/centrocsalhaurin.es\/index.php?rest_route=\/wp\/v2\/types\/page"}],"author":[{"embeddable":true,"href":"https:\/\/centrocsalhaurin.es\/index.php?rest_route=\/wp\/v2\/users\/1"}],"replies":[{"embeddable":true,"href":"https:\/\/centrocsalhaurin.es\/index.php?rest_route=%2Fwp%2Fv2%2Fcomments&post=106"}],"version-history":[{"count":1,"href":"https:\/\/centrocsalhaurin.es\/index.php?rest_route=\/wp\/v2\/pages\/106\/revisions"}],"predecessor-version":[{"id":225,"href":"https:\/\/centrocsalhaurin.es\/index.php?rest_route=\/wp\/v2\/pages\/106\/revisions\/225"}],"wp:attachment":[{"href":"https:\/\/centrocsalhaurin.es\/index.php?rest_route=%2Fwp%2Fv2%2Fmedia&parent=106"}],"curies":[{"name":"wp","href":"https:\/\/api.w.org\/{rel}","templated":true}]}}